 - (3 + 2))).
2
What is the value of 1 - (-4 + -2) - (-26 - -24)?
9
What is 126 + -125 - (0 - -1)?
0
What is the value of -9 + 8 + 0 + -2?
-3
(-7 + 7 - -2) + -2
0
What is the value of -5 + (1 - (-2 + -4))?
2
0 + -2 - 2 - (1 + 4)
-9
What is the value of -8 + 12 - (1 - 2 - -12)?
-7
Evaluate 1 - (3 + -1 - (0 - -5)).
4
4 + (3 + -5 - (-2 + -1))
5
What is 2 + (-8 + 1 - (-24 - -23))?
-4
What is 1 + (0 - 4) + 4?
1
What is -10 + 7 + -1 + -1 + 0?
-5
2 - 7 - (-2 - (9 + -3))
3
What is -5 - (-4 - 0 - -4)?
-5
Calculate -7 + (-2 + -1 - -4) + -2.
-8
Calculate (-7 + 5 - -6) + -3.
1
What is the value of 22 - 22 - (1 - 5)?
4
Evaluate -4 + (2 - -4) + 1 + -5.
-2
What is the value of (1 + -2 - 3) + 0 + 1?
-3
(0 - 3 - 1) + (19 - 16)
-1
Evaluate 44 - 36 - (3 + -1).
6
-4 - ((6 - -2) + -5)
-7
Calculate 2 + -2 - 2 - 2.
-4
Calculate 2 + 3 + -5 + 0.
0
-5 - -7 - (0 - -2)
0
(-5 - -2) + 0 - (-2 - 5)
4
6 + (7 + -3 - 6) + 0
4
What is the value of -15 + 15 + 0 + 1?
1
Evaluate -4 + 0 + (2 - 1).
-3
What is the value of -2 + (-28 + 32 - (-3 - -1))?
4
What is the value of 205 + -213 - (0 + -9)?
1
Calculate 1 + 2 - (-5 + 7 + 0).
1
Evaluate (11 + -10 - -1) + 1 + -3.
0
What is the value of 7 + -2 - (-11 + -10 + 23)?
3
Calculate (3 - (9 + -3) - 3) + 5.
-1
Calculate -3 - (5 + -4) - -9.
5
What is 6 + -1 + (6 - 3)?
8
What is the value of -3 + 3 + -1 + -3?
-4
Evaluate 4 + (1 - 3 - 0).
2
What is the value of 2 + (1 + -12 + -1 - -5)?
-5
What is -5 - (6 + 1 - 12)?
0
Evaluate -4 + 2 + (4 + -6 - -10).
6
Calculate -6 + (1 - 7 - 0 - -4).
-8
Calculate 8 - (2 + -6 - -8).
4
What is -1 + (0 - (-4 + (0 - -1)))?
2
What is 4 + (-3 - 1) + -4 + 8?
4
2 + (3 - 1) + -6
-2
(6 - (24 - 7)) + 2
-9
What is the value of (-10 - -19) + -16 + (1 - -1)?
-5
What is the value of 2 + -2 + 2 + 3?
5
2 - (2 + (0 - -5)) - -3
-2
What is the value of 3 - ((5 - 4) + (-2 - 0))?
4
What is the value of 2 + 5 + -13 + (2 - -11)?
7
Calculate 0 + -3 + 10 - 4.
3
Evaluate (-7 - -8) + (2 - -1) - 4.
0
16 + -21 - (1 + -9) - -1
4
Calculate -3 - ((4 - (-1 - -9)) + 2).
-1
What is (11 - 7) + -2 + -8?
-6
Calculate 2 + -1 + 15 - 10.
6
Calculate 2 + -7 + 2 + 4 + -2.
-1
What is the value of 29 + -25 - (-1 - -5) - -1?
1
What is the value of (13 - 2) + (-11 + -5 - -10)?
5
Calculate 1 + 0 + (-6 - (2 + -7)).
0
Calculate -3 + 8 + -5 + 4 - 9.
-5
Calculate (-4 - -5) + -5 + (-7 - -5).
-6
What is the value of 12 - ((4 - -2) + -3 + 2)?
7
What is the value of 10 + (-4 - (4 - 3))?
5
Evaluate -2 - (4 - 12 - -5).
1
What is the value of -4 + -4 + 14 + -4?
2
6 - 4 - (-4 - -3 - 0)
3
Evaluate -1 + (-3 - (-14 + (5 - -2))).
3
What is the value of 8 - (1 + 0) - 3?
4
Calculate -23 + 14 + 18 + -3.
6
(0 - -3) + 1 + (2 - 2)
4
Calculate 3 + (0 - (5 + 0) - -2).
0
Evaluate -7 + 17 + -3 + -6.
1
Evaluate -6 + (1 - (-4 + -1)).
0
What is (14 - 1 - 5) + 1 + -9?
0
Calculate (-9 - -14) + (-2 - 2).
1
Evaluate 6 - ((10 - 1) + -5).
2
What is (-3 - -1) + 0 - 3?
-5
Evaluate 21 + -18 - (-1 + -3).
7
-8 + 0 + -2 + 5
-5
What is 15 - 17 - (-2 - -4)?
-4
Evaluate 1 - (10 - (4 + -2 + 3)).
-4
Calculate -2 - (0 + (2 - -1)).
-5
What is the value of 3 + (-4 + -5 - -2) + 4?
0
Evaluate -38 + 38 + (-3 - -2) + -10.
-11
What is (9 - -1) + -6 + -5 + 7?
6
What is the value of (-1 - 1 - (38 + -33)) + 6?
-1
(-1 + -5 - -5) + 7
6
Evaluate -9 + (-1 - -9 - 5).
-6
-3 + -1 + (2 - (4 + -4))
-2
Evaluate 2 + 0 + 5 + -3 - -1.
5
Evaluate 3 - (-13 - -1) - (0 - -5).
10
Calculate -3 - ((-6 - -4) + 1 + 1).
-3
What is 22 + -23 - (-2 + -3)?
4
What is (0 - -1) + (-6 - -9)?
4
Calculate 4 + -7 + (-5 - -9 - 3).
-2
What is 7 + -16 + 21 + -5?
7
What is the value of -8 - (4 + -2) - (13 + -17)?
-6
What is the value of 1 - (-1 + 2 + 3) - 1?
-4
Evaluate (-1 - -1) + 5 + 1 + -1.
5
Evaluate 3 - (0 + 0 + -1 + 3).
1
Calculate 1 + -1 + (19 - 9 - 2).
8
4 - 7 - -2 - 0
-1
What is the value of 1 + 6 + 0 + -4?
3
What is 3 - 1 - ((-3 - 2) + 10)?
-3
What is the value of -15 + 19 - (0 - -6)?
-2
What is -2 + 3 + (-2 - (-12 - -7))?
4
What is the value of -12 + 4 + 0 + 3?
-5
8 + -8 + 5 + (2 - 0)
7
-2 + 0 - 0 - (3 - 0)
-5
What is the value of 1 + -8 + (13 - 11)?
-5
What is the value of (-1 - 4) + -5 + 13 + 1?
4
What is the value of (-2 + 1 - 1) + 187 + -194?
-9
What is 1 + 1 + (3 + 1 - 7)?
-1
What is the value of (-8 + 14 - -5) + -9?
2
What is -1 + 8 + (0 + 0 - 2)?
5
4 + (4 - 9) + -4
-5
Calculate -1 + 1 + 0 + (-4 - -1).
-3
Evaluate 4 - 1 - (3 + -1) - 5.
-4
Calculate (0 - 4 - -2) + 4 + -6.
-4
What is the value of (-6 - ((5 - 10) + 5)) + 7?
1
0 + (-1 - 2) + -6 + 6
-3
What is the value of 24 - 28 - (-4 + -3 + -2)?
5
What is the value of 3 - (-1 + 7) - (3 - 2)?
-4
-2 + 13 + -5 - 2
4
What is the value of -2 + 1 + 4 + -7 + -1?
-5
What is -7 - (7 - 5) - -1 - -1?
-7
3 + -3 - (-9 + 5 - -8)
-4
Calculate (-1 - -6) + (-1 + -1 - -1).
4
-2 + (3 - 4) + 4
1
Calculate -13 + 4 - (26 - 30).
-5
What is the value of 9 - (-2 + 4 + 1 - 0)?
6
What is 1 - (1 - (0 + 2))?
2
What is (-3 - (0 - 3)) + -3?
-3
What is -9 + 1 - (7 - 5 - 7)?
-3
What is the value of -13 + 35 + -9 + -11?
2
-5 - -3 - (-2 - (3 - 6))
-3
1 + -5 + (1 - -2)
-1
Evaluate 2 - ((6 - (0 + 3)) + -6).
5
What is -3 - (2 + (-2 - (-2 + 4)))?
-1
What is (-9 - (12 - 26)) + 0 + -4?
1
What is the value of 1 + -1 + (-14 - (-5 + -4))?
-5
Evaluate 9 - (3 - (2 + -9)).
-1
What is the value of 0 + -5 + -5 + 6?
-4
What is the value of -1 + -11 + 4 + 13?
5
What is the value of 2 - (-3 + -2 - (-7 + 1))?
1
Evaluate 2 - -4 - 7 - -3 - -4.
6
What is the value of 0 - (-1 - 1 - (-17 + 17))?
2
What is -1 + 13 + -5 + -2?
5
What is the value of 4 - (2 + -1) - -1?
4
What is 5 - 0 - 7 - -3?
1
What is -6 + (-5 - -9) + -1?
-3
What is the value of -1 + 0 + 13 + -12?
0
Evaluate (-4 - -9 - 6) + -2.
-3
What is -1 - (-3 - (-6 + 4 + 4))?
4
What is -1 + 5 + -9 + 3 - -1?
-1
What is -20 - -17 - (0 + 1)?
-4
(5 - 8) + (-8 - -16)
5
Evaluate 1 - (2 + 7) - -7.
-1
-4 - -2 - (3 + -5)
0
What is the value of (59 - 64) + (0 - 2) + 6?
-1
What is the value of -9 - -2 - (-4 - 0)?
-3
0 + (0 - 1) - (18 + -22)
3
Calculate (-3 + 5 - 2) + 0 + -4.
-4
(-23 - -23) + (-9 - (2 + -5))
-6
Calculate (9 - 14) + -2 + 0 + 1.
-6
What is 20 - 14 - (5 - -1)?
0
What is -6 + 5 + 1 - -8?
8
What is the value of 1 - (7 + -6 + 4)?
-4
What is the value of (0 + -2 - -2) + (2 - 5)?
-3
What is 18 + -19 - (3 + 1)?
-5
What is 5 + (1 - -6) + -17 + 7?
2
Evaluate 12 - 10 - (-1 + -1).
4
1 + -3 + (-16 - -19)
1
What is -3 - (9 - (-1 - -7))?
-6
What is the value of (8 - (8 + 3)) + -1 + 1?
-3
Calculate 5 - (7 - (2 - (-1 - 4))).
5
(0 + -3 - -4) + -4 + 2
-1
-8 - (-6 + (6 - 7)) - 4
-5
Evaluate (8 + -3 - (-7 - -3)) + -6.
3
What is the value of 3 - (3 - (4 + -2 - 3))?
-1
What is the value of 12 + (-10 + 5 - 2)?
5
2 + -4 + -4 + 1 + -6
-11
What is 1 + -4 + (0 - (-3 + 2))?
-2
10 + 13 + (-24 - -12)
11
Evaluate (0 - -1) + (2 - (2 - 0)).
1
What is the value of (-4 - 0) + (-6 - -10 - 4)?
-4
What is -18 - -17 - (5 - 1) - -4?
-1
What is the value of -1 + (1 - 0) + 1?
1
Evaluate 3 + (5 - 7) + 1 - -3.
5
0 + 5 - 3 - 2 - -4
4
What is -11 - -11 - (0 + -3 - 3)?
6
What is -1 + 1 + 0 + 2 - 7?
-5
What is the value of -5 - -9 - 4 - 4 - 5?
-9
Calculate -1 + (-2 + 4 - -3).
4
Calculate -5 - -8 - (4 + -2).
1
(-3 - -8) + -2 - 4 - -3
2
Evaluate 17 - 10 - (-5 + 12 + -5).
5
What is the value of 7 - -3 - (-3 - -4)?
9
(4 - 0) + (-1 - 5)
-2
Calculate 3 + -3 + 2 - (2 + 0).
0
-1 + 4 + 2 + -2
3
What is the value of 4 + (1 - 4) + -12 + 13?
2
(-4 - -5) + 2 - (10 + -2)
-5
Calculate -6 + (0 - ((4 - 2) + -8)).
0
What is the value of (77 - 73) + (2 + -1 - 3)?
2
What is the value of 9 + -3 + (-25 - -14)?
-5
What is the value of -2 - (-9 + 6 + 2) - 4?
-5
What is the value of (-2 - -13) + -13 + 13 + -3?
8
Calculate (10 - 4) + -4 - 2.
0
What is -4 + 8 + -7 + -4?
-7
What is (-4 - -5 - 0) + 1?
2
What is -2 + 1 + -2 + 0?
-3
-5 + -5 + -7 + 8
-9
What is (2 - -1) + -14 + 5?
-6
What is the value of -1 - ((-5 - -4 - 4) + 7)?
-3
Evaluate 1 - 15 - (235 + -248).
-1
What is 1 + 1 - (0 + (-4 - -1))?
5
Evaluate -15 + 17 - (0 + 0).
2
-2 - (-1 + 2 + -1)
-2
Evaluate 3 - 6 - (-5 + -2).
4
Calculate 6 + -3 - (4 - 6).
5
Evaluate (13 - 14) + (0 - 3).
-4
What is 6 - 10 - -9 - 2?
3
-15 + 0 + 60 + -54
-9
What is (10 - (-3 + 10 - 0)) + -6?
-3
-4 + 5 + (2 - 8) + 4
-1
Calculate (-20 - -9) + -2 + 18.
5
What is (-8 - -12) + -5 - -3?
2
What is the value of 7 - (10 + -2 + -2)?
